{"id":51597,"date":"2022-04-17T20:56:51","date_gmt":"2022-04-17T18:56:51","guid":{"rendered":"http:\/\/grundschule-burgebrach.de\/WP\/?page_id=51597"},"modified":"2025-12-05T10:41:17","modified_gmt":"2025-12-05T09:41:17","slug":"infos","status":"publish","type":"page","link":"https:\/\/grundschule-burgebrach.de\/WP\/infos\/","title":{"rendered":"Infos"},"content":{"rendered":"<p>[et_pb_section fb_built=&#8220;1&#8243; admin_label=&#8220;Hier rein!!! \u00dcbertritt Schulwechsel&#8220; module_id=&#8220;uebertritt&#8220; _builder_version=&#8220;4.27.0&#8243; _module_preset=&#8220;default&#8220; background_color=&#8220;#ffffff&#8220; custom_padding=&#8220;0px||0px||true&#8220; global_colors_info=&#8220;{}&#8220; custom_css_main_element_last_edited=&#8220;on|tablet&#8220;][et_pb_row column_structure=&#8220;1_2,1_2&#8243; use_custom_gutter=&#8220;on&#8220; gutter_width=&#8220;1&#8243; make_equal=&#8220;on&#8220; padding_top_bottom_link_1=&#8220;true&#8220; padding_top_bottom_link_2=&#8220;true&#8220; padding_left_right_link_1=&#8220;true&#8220; padding_left_right_link_2=&#8220;true&#8220; admin_label=&#8220;Hier rein!!!Linkes Bild&#8220; module_class=&#8220; et_pb_row_fullwidth&#8220; _builder_version=&#8220;4.27.0&#8243; _module_preset=&#8220;default&#8220; width=&#8220;100%&#8220; width_tablet=&#8220;100%&#8220; width_phone=&#8220;100%&#8220; width_last_edited=&#8220;on|desktop&#8220; max_width=&#8220;100%&#8220; max_width_tablet=&#8220;100%&#8220; max_width_phone=&#8220;100%&#8220; max_width_last_edited=&#8220;on|desktop&#8220; custom_padding=&#8220;0px||0px|&#8220; animation_style=&#8220;slide&#8220; animation_direction=&#8220;left&#8220; animation_delay=&#8220;400ms&#8220; make_fullwidth=&#8220;on&#8220; global_colors_info=&#8220;{}&#8220;][et_pb_column type=&#8220;1_2&#8243; admin_label=&#8220;Hier rein!!! Linkes Bild&#8220; _builder_version=&#8220;4.19.0&#8243; _module_preset=&#8220;default&#8220; background_image=&#8220;http:\/\/grundschule-burgebrach.de\/WP\/wp-content\/uploads\/2022\/08\/myriam-zilles-Zu2d0zuAQbA-unsplash-scaled.jpg&#8220; parallax=&#8220;on&#8220; custom_padding=&#8220;132px|122px|132px|122px&#8220; global_colors_info=&#8220;{}&#8220; custom_padding__hover=&#8220;|||&#8220;][et_pb_divider show_divider=&#8220;off&#8220; disabled_on=&#8220;off|off|on&#8220; admin_label=&#8220;Finger weg!!!! Teiler&#8220; _builder_version=&#8220;4.19.0&#8243; _module_preset=&#8220;default&#8220; background_enable_image=&#8220;off&#8220; custom_padding=&#8220;49px||49px||true&#8220; global_colors_info=&#8220;{}&#8220;][\/et_pb_divider][\/et_pb_column][et_pb_column type=&#8220;1_2&#8243; admin_label=&#8220;Design f\u00fcr ganze rechte Seite komplett&#8220; _builder_version=&#8220;4.19.0&#8243; _module_preset=&#8220;default&#8220; custom_padding=&#8220;132px|122px|132px|122px&#8220; custom_padding_tablet=&#8220;132px|122px|132px|122px&#8220; custom_padding_phone=&#8220;40px|40px|40px|40px|true|true&#8220; custom_padding_last_edited=&#8220;on|phone&#8220; global_colors_info=&#8220;{}&#8220; padding_phone=&#8220;40px|40px|40px|40px|true|true&#8220; padding_last_edited=&#8220;on|phone&#8220; custom_padding__hover=&#8220;|||&#8220;][et_pb_text admin_label=&#8220;Hier rein!!! \u00dcberschrift Schulwechsel&#8220; _builder_version=&#8220;4.19.0&#8243; _module_preset=&#8220;default&#8220; text_font=&#8220;||||||||&#8220; text_text_color=&#8220;#000000&#8243; text_line_height=&#8220;1.8em&#8220; header_font=&#8220;|700|||||||&#8220; header_text_align=&#8220;left&#8220; header_text_color=&#8220;#3B6AA0&#8243; header_2_font=&#8220;Open Sans|700||on|||||&#8220; header_2_text_align=&#8220;left&#8220; header_2_text_color=&#8220;#3B6AA0&#8243; header_2_font_size=&#8220;30px&#8220; header_2_line_height=&#8220;1.4em&#8220; max_width=&#8220;60%&#8220; max_width_tablet=&#8220;55%&#8220; max_width_phone=&#8220;98%&#8220; max_width_last_edited=&#8220;on|phone&#8220; module_alignment=&#8220;left&#8220; custom_margin=&#8220;|||0px|false|false&#8220; custom_padding=&#8220;|||0px|false|false&#8220; global_colors_info=&#8220;{}&#8220;]<\/p>\n<h3>Schulwechsel\/\u00dcbertritt<\/h3>\n<p>[\/et_pb_text][et_pb_divider color=&#8220;#3B6AA0&#8243; divider_weight=&#8220;2px&#8220; admin_label=&#8220;Finger weg!!! Strich&#8220; _builder_version=&#8220;4.19.0&#8243; _module_preset=&#8220;default&#8220; max_width=&#8220;15%&#8220; module_alignment=&#8220;left&#8220; custom_margin=&#8220;-10px||5px||false|false&#8220; global_colors_info=&#8220;{}&#8220;][\/et_pb_divider][et_pb_text admin_label=&#8220;Hier rein!!! Mengentext Schulwechsel&#8220; _builder_version=&#8220;4.27.0&#8243; _module_preset=&#8220;default&#8220; text_font=&#8220;Poppins||||||||&#8220; text_text_color=&#8220;#636363&#8243; text_line_height=&#8220;1.8em&#8220; header_font=&#8220;Merriweather|700|||||||&#8220; header_text_color=&#8220;#443846&#8243; header_font_size=&#8220;43px&#8220; header_2_font=&#8220;||||||||&#8220; header_2_font_size=&#8220;15px&#8220; header_5_font_size=&#8220;14px&#8220; custom_margin=&#8220;|||&#8220; custom_padding=&#8220;||34px|&#8220; link_option_url=&#8220;https:\/\/deref-gmx.net\/mail\/client\/M2WB7vme1Mg\/dereferrer\/?redirectUrl=https%3A%2F%2Fwww.km.bayern.de%2Fschueler%2Fschularten%2Fuebertritt-schulartwechsel.html&#8220; global_colors_info=&#8220;{}&#8220;]<\/p>\n<p>Am Freitag, 08.05.2026, erhalten die Viertkl\u00e4ssler ihr \u00dcbertrittszeugnis. Mit diesem Zeugnis k\u00f6nnen Sie Ihr Kind an einer weiterf\u00fchrenden Schule anmelden. Die Zeiten f\u00fcr eine Anmeldung entnehmen Sie bitte der Homepage Ihrer Wunschschule.<\/p>\n<p>Bei Fragen wenden Sie sich bitte an Ihre Klassenlehrkraft oder an die Beratungslehrkr\u00e4fte der jeweiligen Schulart.<\/p>\n<p><a href=\"https:\/\/www.km.bayern.de\/eltern\/schularten\/uebertritt-schulartwechsel.html\" target=\"_blank\" rel=\"noopener\">https:\/\/www.km.bayern.de\/eltern\/schularten\/uebertritt-schulartwechsel.html<\/a><\/p>\n<p><a href=\"https:\/\/www.mein-bildungsweg.de\/\" target=\"_blank\" rel=\"noopener\">https:\/\/www.mein-bildungsweg.de\/<\/a><\/p>\n<p>[\/et_pb_text][\/et_pb_column][\/et_pb_row][\/et_pb_section][et_pb_section fb_built=&#8220;1&#8243; admin_label=&#8220;Beratungsstelle\/Inklusion&#8220; module_id=&#8220;beratungsstelle&#8220; _builder_version=&#8220;4.19.0&#8243; _module_preset=&#8220;default&#8220; global_colors_info=&#8220;{}&#8220;][et_pb_row _builder_version=&#8220;4.19.0&#8243; _module_preset=&#8220;default&#8220; global_colors_info=&#8220;{}&#8220;][et_pb_column type=&#8220;4_4&#8243; _builder_version=&#8220;4.19.0&#8243; _module_preset=&#8220;default&#8220; global_colors_info=&#8220;{}&#8220;][et_pb_text admin_label=&#8220;\u00dcberschrift Beratung\/Inklusion&#8220; _builder_version=&#8220;4.27.4&#8243; _module_preset=&#8220;default&#8220; global_colors_info=&#8220;{}&#8220;]<\/p>\n<h3>Beratung\/Inklusion<\/h3>\n<p>[\/et_pb_text][et_pb_text admin_label=&#8220;Staatliche Schulberatung f\u00fcr die Grundschule Burgebrach&#8220; _builder_version=&#8220;4.27.4&#8243; _module_preset=&#8220;default&#8220; link_option_url=&#8220;http:\/\/grundschule-burgebrach.de\/WP\/wp-content\/uploads\/2025\/10\/Staatliche-Schulberatung-2025_26.pdf&#8220; global_colors_info=&#8220;{}&#8220;]<\/p>\n<p>Staatliche Schulberatung f\u00fcr die Grundschule Burgebrach<\/p>\n<p>[\/et_pb_text][et_pb_text _builder_version=&#8220;4.27.4&#8243; _module_preset=&#8220;default&#8220; link_option_url=&#8220;http:\/\/grundschule-burgebrach.de\/WP\/wp-content\/uploads\/2025\/12\/Plakat-Beratungsstelle-zur-schulischen-Inklusion-5.pdf&#8220; hover_enabled=&#8220;0&#8243; sticky_enabled=&#8220;0&#8243; admin_label=&#8220;Beratungsstelle zur schulischen Inklusion&#8220;]<\/p>\n<p>Beratungsstelle zur schulischen Inklusion<\/p>\n<p>[\/et_pb_text][\/et_pb_column][\/et_pb_row][\/et_pb_section][et_pb_section fb_built=&#8220;1&#8243; admin_label=&#8220;Hilfsangebote&#8220; _builder_version=&#8220;4.19.0&#8243; _module_preset=&#8220;default&#8220; global_colors_info=&#8220;{}&#8220;][et_pb_row _builder_version=&#8220;4.19.0&#8243; _module_preset=&#8220;default&#8220; global_colors_info=&#8220;{}&#8220;][et_pb_column type=&#8220;4_4&#8243; _builder_version=&#8220;4.19.0&#8243; _module_preset=&#8220;default&#8220; global_colors_info=&#8220;{}&#8220;][et_pb_text admin_label=&#8220;Hilfe bei Depression&#8220; _builder_version=&#8220;4.27.4&#8243; _module_preset=&#8220;default&#8220; link_option_url=&#8220;http:\/\/grundschule-burgebrach.de\/WP\/wp-content\/uploads\/2025\/10\/Hilfsangebote-bei-Depression-2.pdf&#8220; global_colors_info=&#8220;{}&#8220;]<\/p>\n<p>Hilfe bei Depression<\/p>\n<p>[\/et_pb_text][\/et_pb_column][\/et_pb_row][\/et_pb_section][et_pb_section fb_built=&#8220;1&#8243; admin_label=&#8220;Platzhalter drin lassen!!!!&#8220; module_id=&#8220;hilfsangebote&#8220; _builder_version=&#8220;4.19.0&#8243; _module_preset=&#8220;default&#8220; global_colors_info=&#8220;{}&#8220;][\/et_pb_section]<\/p>\n","protected":false},"excerpt":{"rendered":"<p>Schulwechsel\/\u00dcbertrittAm Freitag, 08.05.2026, erhalten die Viertkl\u00e4ssler ihr \u00dcbertrittszeugnis. Mit diesem Zeugnis k\u00f6nnen Sie Ihr Kind an einer weiterf\u00fchrenden Schule anmelden. Die Zeiten f\u00fcr eine Anmeldung entnehmen Sie bitte der Homepage Ihrer Wunschschule. Bei Fragen wenden Sie sich bitte an Ihre Klassenlehrkraft oder an die Beratungslehrkr\u00e4fte der jeweiligen Schulart. https:\/\/www.km.bayern.de\/eltern\/schularten\/uebertritt-schulartwechsel.html https:\/\/www.mein-bildungsweg.de\/Beratung\/InklusionStaatliche Schulberatung f\u00fcr die Grundschule BurgebrachBeratungsstelle [&hellip;]<\/p>\n","protected":false},"author":5,"featured_media":0,"parent":0,"menu_order":0,"comment_status":"closed","ping_status":"closed","template":"","meta":{"_et_pb_use_builder":"on","_et_pb_old_content":"","_et_gb_content_width":"","footnotes":""},"class_list":["post-51597","page","type-page","status-publish","hentry"],"_links":{"self":[{"href":"https:\/\/grundschule-burgebrach.de\/WP\/wp-json\/wp\/v2\/pages\/51597","targetHints":{"allow":["GET"]}}],"collection":[{"href":"https:\/\/grundschule-burgebrach.de\/WP\/wp-json\/wp\/v2\/pages"}],"about":[{"href":"https:\/\/grundschule-burgebrach.de\/WP\/wp-json\/wp\/v2\/types\/page"}],"author":[{"embeddable":true,"href":"https:\/\/grundschule-burgebrach.de\/WP\/wp-json\/wp\/v2\/users\/5"}],"replies":[{"embeddable":true,"href":"https:\/\/grundschule-burgebrach.de\/WP\/wp-json\/wp\/v2\/comments?post=51597"}],"version-history":[{"count":114,"href":"https:\/\/grundschule-burgebrach.de\/WP\/wp-json\/wp\/v2\/pages\/51597\/revisions"}],"predecessor-version":[{"id":56136,"href":"https:\/\/grundschule-burgebrach.de\/WP\/wp-json\/wp\/v2\/pages\/51597\/revisions\/56136"}],"wp:attachment":[{"href":"https:\/\/grundschule-burgebrach.de\/WP\/wp-json\/wp\/v2\/media?parent=51597"}],"curies":[{"name":"wp","href":"https:\/\/api.w.org\/{rel}","templated":true}]}}

<p>[et_pb_section fb_built=&#8220;1&#8243; admin_label=&#8220;Hier rein!!! Übertritt Schulwechsel&#8220; module_id=&#8220;uebertritt&#8220; _builder_version=&#8220;4.27.0&#8243; _module_preset=&#8220;default&#8220; background_color=&#8220;#ffffff&#8220; custom_padding=&#8220;0px||0px||true&#8220; global_colors_info=&#8220;{}&#8220; custom_css_main_element_last_edited=&#8220;on|tablet&#8220;][et_pb_row column_structure=&#8220;1_2,1_2&#8243; use_custom_gutter=&#8220;on&#8220; gutter_width=&#8220;1&#8243; make_equal=&#8220;on&#8220; padding_top_bottom_link_1=&#8220;true&#8220; padding_top_bottom_link_2=&#8220;true&#8220; padding_left_right_link_1=&#8220;true&#8220; padding_left_right_link_2=&#8220;true&#8220; admin_label=&#8220;Hier rein!!!Linkes Bild&#8220; module_class=&#8220; et_pb_row_fullwidth&#8220; _builder_version=&#8220;4.27.0&#8243; _module_preset=&#8220;default&#8220; width=&#8220;100%&#8220; width_tablet=&#8220;100%&#8220; width_phone=&#8220;100%&#8220; width_last_edited=&#8220;on|desktop&#8220; max_width=&#8220;100%&#8220; max_width_tablet=&#8220;100%&#8220; max_width_phone=&#8220;100%&#8220; max_width_last_edited=&#8220;on|desktop&#8220; custom_padding=&#8220;0px||0px|&#8220; animation_style=&#8220;slide&#8220; animation_direction=&#8220;left&#8220; animation_delay=&#8220;400ms&#8220; make_fullwidth=&#8220;on&#8220; global_colors_info=&#8220;{}&#8220;][et_pb_column type=&#8220;1_2&#8243; admin_label=&#8220;Hier rein!!! Linkes Bild&#8220; _builder_version=&#8220;4.19.0&#8243; _module_preset=&#8220;default&#8220; background_image=&#8220;http://grundschule-burgebrach.de/WP/wp-content/uploads/2022/08/myriam-zilles-Zu2d0zuAQbA-unsplash-scaled.jpg&#8220; parallax=&#8220;on&#8220; custom_padding=&#8220;132px|122px|132px|122px&#8220; global_colors_info=&#8220;{}&#8220; custom_padding__hover=&#8220;|||&#8220;][et_pb_divider show_divider=&#8220;off&#8220; disabled_on=&#8220;off|off|on&#8220; admin_label=&#8220;Finger weg!!!! Teiler&#8220; _builder_version=&#8220;4.19.0&#8243; _module_preset=&#8220;default&#8220; background_enable_image=&#8220;off&#8220; custom_padding=&#8220;49px||49px||true&#8220; global_colors_info=&#8220;{}&#8220;][/et_pb_divider][/et_pb_column][et_pb_column type=&#8220;1_2&#8243; admin_label=&#8220;Design für ganze rechte Seite komplett&#8220; _builder_version=&#8220;4.19.0&#8243; _module_preset=&#8220;default&#8220; custom_padding=&#8220;132px|122px|132px|122px&#8220; custom_padding_tablet=&#8220;132px|122px|132px|122px&#8220; custom_padding_phone=&#8220;40px|40px|40px|40px|true|true&#8220; custom_padding_last_edited=&#8220;on|phone&#8220; global_colors_info=&#8220;{}&#8220; padding_phone=&#8220;40px|40px|40px|40px|true|true&#8220; padding_last_edited=&#8220;on|phone&#8220; custom_padding__hover=&#8220;|||&#8220;][et_pb_text admin_label=&#8220;Hier rein!!! Überschrift Schulwechsel&#8220; _builder_version=&#8220;4.19.0&#8243; _module_preset=&#8220;default&#8220; text_font=&#8220;||||||||&#8220; text_text_color=&#8220;#000000&#8243; text_line_height=&#8220;1.8em&#8220; header_font=&#8220;|700|||||||&#8220; header_text_align=&#8220;left&#8220; header_text_color=&#8220;#3B6AA0&#8243; header_2_font=&#8220;Open Sans|700||on|||||&#8220; header_2_text_align=&#8220;left&#8220; header_2_text_color=&#8220;#3B6AA0&#8243; header_2_font_size=&#8220;30px&#8220; header_2_line_height=&#8220;1.4em&#8220; max_width=&#8220;60%&#8220; max_width_tablet=&#8220;55%&#8220; max_width_phone=&#8220;98%&#8220; max_width_last_edited=&#8220;on|phone&#8220; module_alignment=&#8220;left&#8220; custom_margin=&#8220;|||0px|false|false&#8220; custom_padding=&#8220;|||0px|false|false&#8220; global_colors_info=&#8220;{}&#8220;]</p>
<h3>Schulwechsel/Übertritt</h3>
<p>[/et_pb_text][et_pb_divider color=&#8220;#3B6AA0&#8243; divider_weight=&#8220;2px&#8220; admin_label=&#8220;Finger weg!!! Strich&#8220; _builder_version=&#8220;4.19.0&#8243; _module_preset=&#8220;default&#8220; max_width=&#8220;15%&#8220; module_alignment=&#8220;left&#8220; custom_margin=&#8220;-10px||5px||false|false&#8220; global_colors_info=&#8220;{}&#8220;][/et_pb_divider][et_pb_text admin_label=&#8220;Hier rein!!! Mengentext Schulwechsel&#8220; _builder_version=&#8220;4.27.0&#8243; _module_preset=&#8220;default&#8220; text_font=&#8220;Poppins||||||||&#8220; text_text_color=&#8220;#636363&#8243; text_line_height=&#8220;1.8em&#8220; header_font=&#8220;Merriweather|700|||||||&#8220; header_text_color=&#8220;#443846&#8243; header_font_size=&#8220;43px&#8220; header_2_font=&#8220;||||||||&#8220; header_2_font_size=&#8220;15px&#8220; header_5_font_size=&#8220;14px&#8220; custom_margin=&#8220;|||&#8220; custom_padding=&#8220;||34px|&#8220; link_option_url=&#8220;https://deref-gmx.net/mail/client/M2WB7vme1Mg/dereferrer/?redirectUrl=https%3A%2F%2Fwww.km.bayern.de%2Fschueler%2Fschularten%2Fuebertritt-schulartwechsel.html&#8220; global_colors_info=&#8220;{}&#8220;]</p>
<p>Am Freitag, 08.05.2026, erhalten die Viertklässler ihr Übertrittszeugnis. Mit diesem Zeugnis können Sie Ihr Kind an einer weiterführenden Schule anmelden. Die Zeiten für eine Anmeldung entnehmen Sie bitte der Homepage Ihrer Wunschschule.</p>
<p>Bei Fragen wenden Sie sich bitte an Ihre Klassenlehrkraft oder an die Beratungslehrkräfte der jeweiligen Schulart.</p>
<p><a href="https://www.km.bayern.de/eltern/schularten/uebertritt-schulartwechsel.html" target="_blank" rel="noopener">https://www.km.bayern.de/eltern/schularten/uebertritt-schulartwechsel.html</a></p>
<p><a href="https://www.mein-bildungsweg.de/" target="_blank" rel="noopener">https://www.mein-bildungsweg.de/</a></p>
<p>[/et_pb_text][/et_pb_column][/et_pb_row][/et_pb_section][et_pb_section fb_built=&#8220;1&#8243; admin_label=&#8220;Beratungsstelle/Inklusion&#8220; module_id=&#8220;beratungsstelle&#8220; _builder_version=&#8220;4.19.0&#8243; _module_preset=&#8220;default&#8220; global_colors_info=&#8220;{}&#8220;][et_pb_row _builder_version=&#8220;4.19.0&#8243; _module_preset=&#8220;default&#8220; global_colors_info=&#8220;{}&#8220;][et_pb_column type=&#8220;4_4&#8243; _builder_version=&#8220;4.19.0&#8243; _module_preset=&#8220;default&#8220; global_colors_info=&#8220;{}&#8220;][et_pb_text admin_label=&#8220;Überschrift Beratung/Inklusion&#8220; _builder_version=&#8220;4.27.4&#8243; _module_preset=&#8220;default&#8220; global_colors_info=&#8220;{}&#8220;]</p>
<h3>Beratung/Inklusion</h3>
<p>[/et_pb_text][et_pb_text admin_label=&#8220;Staatliche Schulberatung für die Grundschule Burgebrach&#8220; _builder_version=&#8220;4.27.4&#8243; _module_preset=&#8220;default&#8220; link_option_url=&#8220;http://grundschule-burgebrach.de/WP/wp-content/uploads/2025/10/Staatliche-Schulberatung-2025_26.pdf&#8220; global_colors_info=&#8220;{}&#8220;]</p>
<p>Staatliche Schulberatung für die Grundschule Burgebrach</p>
<p>[/et_pb_text][et_pb_text _builder_version=&#8220;4.27.4&#8243; _module_preset=&#8220;default&#8220; link_option_url=&#8220;http://grundschule-burgebrach.de/WP/wp-content/uploads/2025/12/Plakat-Beratungsstelle-zur-schulischen-Inklusion-5.pdf&#8220; hover_enabled=&#8220;0&#8243; sticky_enabled=&#8220;0&#8243; admin_label=&#8220;Beratungsstelle zur schulischen Inklusion&#8220;]</p>
<p>Beratungsstelle zur schulischen Inklusion</p>
<p>[/et_pb_text][/et_pb_column][/et_pb_row][/et_pb_section][et_pb_section fb_built=&#8220;1&#8243; admin_label=&#8220;Hilfsangebote&#8220; _builder_version=&#8220;4.19.0&#8243; _module_preset=&#8220;default&#8220; global_colors_info=&#8220;{}&#8220;][et_pb_row _builder_version=&#8220;4.19.0&#8243; _module_preset=&#8220;default&#8220; global_colors_info=&#8220;{}&#8220;][et_pb_column type=&#8220;4_4&#8243; _builder_version=&#8220;4.19.0&#8243; _module_preset=&#8220;default&#8220; global_colors_info=&#8220;{}&#8220;][et_pb_text admin_label=&#8220;Hilfe bei Depression&#8220; _builder_version=&#8220;4.27.4&#8243; _module_preset=&#8220;default&#8220; link_option_url=&#8220;http://grundschule-burgebrach.de/WP/wp-content/uploads/2025/10/Hilfsangebote-bei-Depression-2.pdf&#8220; global_colors_info=&#8220;{}&#8220;]</p>
<p>Hilfe bei Depression</p>
<p>[/et_pb_text][/et_pb_column][/et_pb_row][/et_pb_section][et_pb_section fb_built=&#8220;1&#8243; admin_label=&#8220;Platzhalter drin lassen!!!!&#8220; module_id=&#8220;hilfsangebote&#8220; _builder_version=&#8220;4.19.0&#8243; _module_preset=&#8220;default&#8220; global_colors_info=&#8220;{}&#8220;][/et_pb_section]</p>

<p>Schulwechsel/ÜbertrittAm Freitag, 08.05.2026, erhalten die Viertklässler ihr Übertrittszeugnis. Mit diesem Zeugnis können Sie Ihr Kind an einer weiterführenden Schule anmelden. Die Zeiten für eine Anmeldung entnehmen Sie bitte der Homepage Ihrer Wunschschule. Bei Fragen wenden Sie sich bitte an Ihre Klassenlehrkraft oder an die Beratungslehrkräfte der jeweiligen Schulart. https://www.km.bayern.de/eltern/schularten/uebertritt-schulartwechsel.html https://www.mein-bildungsweg.de/Beratung/InklusionStaatliche Schulberatung für die Grundschule BurgebrachBeratungsstelle [&hellip;]</p>
